{"id":67,"date":"2024-08-10T11:14:47","date_gmt":"2024-08-10T09:14:47","guid":{"rendered":"https:\/\/lentbau.pl\/?page_id=67"},"modified":"2024-11-25T18:22:57","modified_gmt":"2024-11-25T17:22:57","slug":"kontakt-2","status":"publish","type":"page","link":"https:\/\/lentbau.pl\/?page_id=67","title":{"rendered":"Kontakt"},"content":{"rendered":"\n<figure class=\"wp-block-image alignfull size-large\"><img decoding=\"async\" src=\"https:\/\/lentbau.pl\/wp-content\/uploads\/2024\/11\/LentBau-e1731758095869-1024x157.png\" alt=\"\"\/><\/figure>\n\n\n\n<div style=\"height:54px\" aria-hidden=\"true\" class=\"wp-block-spacer\"><\/div>\n\n\n\n<p class=\"has-medium-font-size\">Je\u017celi zainteresowa\u0142a Ci\u0119 nasza oferta to zapraszamy do skorzystania z naszych us\u0142ug. <\/p>\n\n\n\n<p class=\"has-medium-font-size\">Je\u015bli maj\u0105 Pa\u0144stwo pytania lub potrzebuj\u0105 dodatkowych informacji, zach\u0119camy do kontaktu poprzez formularz dost\u0119pny poni\u017cej. Nasi do\u015bwiadczeni pracownicy s\u0105 do Pa\u0144stwa dyspozycji i z ch\u0119ci\u0105 przygotuj\u0105 ofert\u0119 dostosowan\u0105 do Pa\u0144stwa potrzeb.<\/p>\n\n\n<div class=\"wpforms-container wpforms-container-full wpforms-block wpforms-block-f7552cfd-50da-455f-8596-f19168cf9100 wpforms-render-modern\" id=\"wpforms-136\"><form id=\"wpforms-form-136\" class=\"wpforms-validate wpforms-form wpforms-ajax-form\" data-formid=\"136\" method=\"post\" enctype=\"multipart\/form-data\" action=\"\/index.php?rest_route=%2Fwp%2Fv2%2Fpages%2F67\" data-token=\"eeec7bea309a4a4ca4f2633f2b91bd4d\" data-token-time=\"1776604345\"><noscript class=\"wpforms-error-noscript\">Aby wype\u0142ni\u0107 ten formularz, w\u0142\u0105cz obs\u0142ug\u0119 JavaScript w przegl\u0105darce.<\/noscript><div class=\"wpforms-hidden\" id=\"wpforms-error-noscript\">Aby wype\u0142ni\u0107 ten formularz, w\u0142\u0105cz obs\u0142ug\u0119 JavaScript w przegl\u0105darce.<\/div><div class=\"wpforms-field-container\"><div id=\"wpforms-136-field_1-container\" class=\"wpforms-field wpforms-field-name\" data-field-id=\"1\"><fieldset><legend class=\"wpforms-field-label\">Imi\u0119 i nazwisko <span class=\"wpforms-required-label\" aria-hidden=\"true\">*<\/span><\/legend><div class=\"wpforms-field-row wpforms-field-medium\"><div class=\"wpforms-field-row-block wpforms-first wpforms-one-half\"><input type=\"text\" id=\"wpforms-136-field_1\" class=\"wpforms-field-name-first wpforms-field-required\" name=\"wpforms[fields][1][first]\" aria-errormessage=\"wpforms-136-field_1-error\" required><label for=\"wpforms-136-field_1\" class=\"wpforms-field-sublabel after\">Imi\u0119<\/label><\/div><div class=\"wpforms-field-row-block wpforms-one-half\"><input type=\"text\" id=\"wpforms-136-field_1-last\" class=\"wpforms-field-name-last wpforms-field-required\" name=\"wpforms[fields][1][last]\" aria-errormessage=\"wpforms-136-field_1-last-error\" required><label for=\"wpforms-136-field_1-last\" class=\"wpforms-field-sublabel after\">Nazwisko<\/label><\/div><\/div><\/fieldset><\/div><div id=\"wpforms-136-field_2-container\" class=\"wpforms-field wpforms-field-email\" data-field-id=\"2\"><label class=\"wpforms-field-label\" for=\"wpforms-136-field_2\">Adres e-mail <span class=\"wpforms-required-label\" aria-hidden=\"true\">*<\/span><\/label><input type=\"email\" id=\"wpforms-136-field_2\" class=\"wpforms-field-medium wpforms-field-required\" name=\"wpforms[fields][2]\" spellcheck=\"false\" aria-errormessage=\"wpforms-136-field_2-error\" required><\/div><div id=\"wpforms-136-field_3-container\" class=\"wpforms-field wpforms-field-textarea\" data-field-id=\"3\"><label class=\"wpforms-field-label\" for=\"wpforms-136-field_3\">Komentarz lub wiadomo\u015b\u0107<\/label><textarea id=\"wpforms-136-field_3\" class=\"wpforms-field-medium\" name=\"wpforms[fields][3]\" aria-errormessage=\"wpforms-136-field_3-error\" ><\/textarea><\/div><\/div><!-- .wpforms-field-container --><div class=\"wpforms-recaptcha-container wpforms-is-recaptcha wpforms-is-recaptcha-type-v2\" ><div class=\"g-recaptcha\" data-sitekey=\"6LcP_YEqAAAAAGOibCO5OZ6GzpZyVjx2333g4xP8\"><\/div><input type=\"text\" name=\"g-recaptcha-hidden\" class=\"wpforms-recaptcha-hidden\" style=\"position:absolute!important;clip:rect(0,0,0,0)!important;height:1px!important;width:1px!important;border:0!important;overflow:hidden!important;padding:0!important;margin:0!important;\" data-rule-recaptcha=\"1\"><\/div><div class=\"wpforms-submit-container\" ><input type=\"hidden\" name=\"wpforms[id]\" value=\"136\"><input type=\"hidden\" name=\"page_title\" value=\"\"><input type=\"hidden\" name=\"page_url\" value=\"https:\/\/lentbau.pl\/index.php?rest_route=\/wp\/v2\/pages\/67\"><input type=\"hidden\" name=\"url_referer\" value=\"\"><button type=\"submit\" name=\"wpforms[submit]\" id=\"wpforms-submit-136\" class=\"wpforms-submit\" data-alt-text=\"Wysy\u0142anie...\" data-submit-text=\"Prze\u015blij\" aria-live=\"assertive\" value=\"wpforms-submit\">Prze\u015blij<\/button><img loading=\"lazy\" decoding=\"async\" src=\"https:\/\/lentbau.pl\/wp-content\/plugins\/wpforms-lite\/assets\/images\/submit-spin.svg\" class=\"wpforms-submit-spinner\" style=\"display: none;\" width=\"26\" height=\"26\" alt=\"Wczytywanie\"><\/div><\/form><\/div>  <!-- .wpforms-container -->\n\n\n<div class=\"wp-block-stackable-map stk-block-map stk-block stk-d639b95 stk-block-background\" data-block-id=\"d639b95\"><style>.stk-d639b95 .stk-block-map__canvas, .stk-d639b95 iframe{height:280px !important;}.stk-d639b95 {background-color:#ebfc0026 !important;}.stk-d639b95:before{background-color:#ebfc0026 !important;}<\/style><iframe\n\t\t\t\t\t\ttitle=\"Embedded content from Google Maps Platform.\"\n\t\t\t\t\t\tsrc=\"https:\/\/maps.google.com\/maps?q=Jeleniog\u00f3rska 34A\/3&#038;t=&#038;z=13&#038;ie=UTF8&#038;output=embed\"\n\t\t\t\t\t\tstyle=\"border:0;width:100%;max-width:none;max-height:none;height:100%;\"\n\t\t\t\t\t\taria-hidden=\"false\"\n\t\t\t\t\t\ttabIndex=\"0\"\n\t\t\t\t\t\tallowfullscreen\n\t\t\t\t\t\tloading=\"lazy\"\n\t\t\t\t\t\tframeBorder=\"0\"\n\t\t\t\t\t><\/iframe><\/div>\n\n\n\n<p class=\"has-small-font-size\"><\/p>\n","protected":false},"excerpt":{"rendered":"<p>Je\u017celi zainteresowa\u0142a Ci\u0119 nasza oferta to zapraszamy do skorzystania z naszych us\u0142ug. Je\u015bli maj\u0105 Pa\u0144stwo pytania lub potrzebuj\u0105 dodatkowych informacji, zach\u0119camy do kontaktu poprzez formularz dost\u0119pny poni\u017cej. Nasi do\u015bwiadczeni pracownicy s\u0105 do Pa\u0144stwa dyspozycji i z ch\u0119ci\u0105 przygotuj\u0105 ofert\u0119 dostosowan\u0105 do Pa\u0144stwa potrzeb.<\/p>\n","protected":false},"author":1,"featured_media":0,"parent":0,"menu_order":0,"comment_status":"closed","ping_status":"closed","template":"elementor_theme","meta":{"_uag_custom_page_level_css":"","ocean_post_layout":"","ocean_both_sidebars_style":"","ocean_both_sidebars_content_width":0,"ocean_both_sidebars_sidebars_width":0,"ocean_sidebar":"","ocean_second_sidebar":"","ocean_disable_margins":"enable","ocean_add_body_class":"","ocean_shortcode_before_top_bar":"","ocean_shortcode_after_top_bar":"","ocean_shortcode_before_header":"","ocean_shortcode_after_header":"","ocean_has_shortcode":"","ocean_shortcode_after_title":"","ocean_shortcode_before_footer_widgets":"","ocean_shortcode_after_footer_widgets":"","ocean_shortcode_before_footer_bottom":"","ocean_shortcode_after_footer_bottom":"","ocean_display_top_bar":"default","ocean_display_header":"default","ocean_header_style":"","ocean_center_header_left_menu":"","ocean_custom_header_template":"","ocean_custom_logo":0,"ocean_custom_retina_logo":0,"ocean_custom_logo_max_width":0,"ocean_custom_logo_tablet_max_width":0,"ocean_custom_logo_mobile_max_width":0,"ocean_custom_logo_max_height":0,"ocean_custom_logo_tablet_max_height":0,"ocean_custom_logo_mobile_max_height":0,"ocean_header_custom_menu":"","ocean_menu_typo_font_family":"","ocean_menu_typo_font_subset":"","ocean_menu_typo_font_size":0,"ocean_menu_typo_font_size_tablet":0,"ocean_menu_typo_font_size_mobile":0,"ocean_menu_typo_font_size_unit":"px","ocean_menu_typo_font_weight":"","ocean_menu_typo_font_weight_tablet":"","ocean_menu_typo_font_weight_mobile":"","ocean_menu_typo_transform":"","ocean_menu_typo_transform_tablet":"","ocean_menu_typo_transform_mobile":"","ocean_menu_typo_line_height":0,"ocean_menu_typo_line_height_tablet":0,"ocean_menu_typo_line_height_mobile":0,"ocean_menu_typo_line_height_unit":"","ocean_menu_typo_spacing":0,"ocean_menu_typo_spacing_tablet":0,"ocean_menu_typo_spacing_mobile":0,"ocean_menu_typo_spacing_unit":"","ocean_menu_link_color":"","ocean_menu_link_color_hover":"","ocean_menu_link_color_active":"","ocean_menu_link_background":"","ocean_menu_link_hover_background":"","ocean_menu_link_active_background":"","ocean_menu_social_links_bg":"","ocean_menu_social_hover_links_bg":"","ocean_menu_social_links_color":"","ocean_menu_social_hover_links_color":"","ocean_disable_title":"default","ocean_disable_heading":"default","ocean_post_title":"","ocean_post_subheading":"","ocean_post_title_style":"","ocean_post_title_background_color":"","ocean_post_title_background":0,"ocean_post_title_bg_image_position":"","ocean_post_title_bg_image_attachment":"","ocean_post_title_bg_image_repeat":"","ocean_post_title_bg_image_size":"","ocean_post_title_height":0,"ocean_post_title_bg_overlay":0.5,"ocean_post_title_bg_overlay_color":"","ocean_disable_breadcrumbs":"default","ocean_breadcrumbs_color":"","ocean_breadcrumbs_separator_color":"","ocean_breadcrumbs_links_color":"","ocean_breadcrumbs_links_hover_color":"","ocean_display_footer_widgets":"default","ocean_display_footer_bottom":"default","ocean_custom_footer_template":"","footnotes":""},"class_list":["post-67","page","type-page","status-publish","hentry","entry"],"yoast_head":"<!-- This site is optimized with the Yoast SEO plugin v24.7 - https:\/\/yoast.com\/wordpress\/plugins\/seo\/ -->\n<title>Kontakt - LENTBAU<\/title>\n<meta name=\"robots\" content=\"noindex, follow, max-snippet:-1, max-image-preview:large, max-video-preview:-1\" \/>\n<meta property=\"og:locale\" content=\"pl_PL\" \/>\n<meta property=\"og:type\" content=\"article\" \/>\n<meta property=\"og:title\" content=\"Kontakt - LENTBAU\" \/>\n<meta property=\"og:description\" content=\"Je\u017celi zainteresowa\u0142a Ci\u0119 nasza oferta to zapraszamy do skorzystania z naszych us\u0142ug. Je\u015bli maj\u0105 Pa\u0144stwo pytania lub potrzebuj\u0105 dodatkowych informacji, zach\u0119camy do kontaktu poprzez formularz dost\u0119pny poni\u017cej. Nasi do\u015bwiadczeni pracownicy s\u0105 do Pa\u0144stwa dyspozycji i z ch\u0119ci\u0105 przygotuj\u0105 ofert\u0119 dostosowan\u0105 do Pa\u0144stwa potrzeb.\" \/>\n<meta property=\"og:url\" content=\"https:\/\/lentbau.pl\/?page_id=67\" \/>\n<meta property=\"og:site_name\" content=\"LENTBAU\" \/>\n<meta property=\"article:modified_time\" content=\"2024-11-25T17:22:57+00:00\" \/>\n<meta name=\"twitter:card\" content=\"summary_large_image\" \/>\n<script type=\"application\/ld+json\" class=\"yoast-schema-graph\">{\"@context\":\"https:\/\/schema.org\",\"@graph\":[{\"@type\":\"WebPage\",\"@id\":\"https:\/\/lentbau.pl\/?page_id=67\",\"url\":\"https:\/\/lentbau.pl\/?page_id=67\",\"name\":\"Kontakt - LENTBAU\",\"isPartOf\":{\"@id\":\"https:\/\/lentbau.pl\/#website\"},\"primaryImageOfPage\":{\"@id\":\"https:\/\/lentbau.pl\/?page_id=67#primaryimage\"},\"image\":{\"@id\":\"https:\/\/lentbau.pl\/?page_id=67#primaryimage\"},\"thumbnailUrl\":\"https:\/\/lentbau.pl\/wp-content\/uploads\/2024\/11\/LentBau-e1731758095869-1024x157.png\",\"datePublished\":\"2024-08-10T09:14:47+00:00\",\"dateModified\":\"2024-11-25T17:22:57+00:00\",\"breadcrumb\":{\"@id\":\"https:\/\/lentbau.pl\/?page_id=67#breadcrumb\"},\"inLanguage\":\"pl-PL\",\"potentialAction\":[{\"@type\":\"ReadAction\",\"target\":[\"https:\/\/lentbau.pl\/?page_id=67\"]}]},{\"@type\":\"ImageObject\",\"inLanguage\":\"pl-PL\",\"@id\":\"https:\/\/lentbau.pl\/?page_id=67#primaryimage\",\"url\":\"https:\/\/lentbau.pl\/wp-content\/uploads\/2024\/11\/LentBau-e1731758095869.png\",\"contentUrl\":\"https:\/\/lentbau.pl\/wp-content\/uploads\/2024\/11\/LentBau-e1731758095869.png\",\"width\":1920,\"height\":294},{\"@type\":\"BreadcrumbList\",\"@id\":\"https:\/\/lentbau.pl\/?page_id=67#breadcrumb\",\"itemListElement\":[{\"@type\":\"ListItem\",\"position\":1,\"name\":\"Home\",\"item\":\"https:\/\/lentbau.pl\/\"},{\"@type\":\"ListItem\",\"position\":2,\"name\":\"Kontakt\"}]},{\"@type\":\"WebSite\",\"@id\":\"https:\/\/lentbau.pl\/#website\",\"url\":\"https:\/\/lentbau.pl\/\",\"name\":\"LENTBAU\",\"description\":\"Skutecznie w 24h\",\"publisher\":{\"@id\":\"https:\/\/lentbau.pl\/#organization\"},\"potentialAction\":[{\"@type\":\"SearchAction\",\"target\":{\"@type\":\"EntryPoint\",\"urlTemplate\":\"https:\/\/lentbau.pl\/?s={search_term_string}\"},\"query-input\":{\"@type\":\"PropertyValueSpecification\",\"valueRequired\":true,\"valueName\":\"search_term_string\"}}],\"inLanguage\":\"pl-PL\"},{\"@type\":\"Organization\",\"@id\":\"https:\/\/lentbau.pl\/#organization\",\"name\":\"LENTBAU\",\"url\":\"https:\/\/lentbau.pl\/\",\"logo\":{\"@type\":\"ImageObject\",\"inLanguage\":\"pl-PL\",\"@id\":\"https:\/\/lentbau.pl\/#\/schema\/logo\/image\/\",\"url\":\"https:\/\/lentbau.pl\/wp-content\/uploads\/2024\/08\/LENTBAU.PL_.png\",\"contentUrl\":\"https:\/\/lentbau.pl\/wp-content\/uploads\/2024\/08\/LENTBAU.PL_.png\",\"width\":1920,\"height\":1080,\"caption\":\"LENTBAU\"},\"image\":{\"@id\":\"https:\/\/lentbau.pl\/#\/schema\/logo\/image\/\"}}]}<\/script>\n<!-- \/ Yoast SEO plugin. -->","yoast_head_json":{"title":"Kontakt - LENTBAU","robots":{"index":"noindex","follow":"follow","max-snippet":"max-snippet:-1","max-image-preview":"max-image-preview:large","max-video-preview":"max-video-preview:-1"},"og_locale":"pl_PL","og_type":"article","og_title":"Kontakt - LENTBAU","og_description":"Je\u017celi zainteresowa\u0142a Ci\u0119 nasza oferta to zapraszamy do skorzystania z naszych us\u0142ug. Je\u015bli maj\u0105 Pa\u0144stwo pytania lub potrzebuj\u0105 dodatkowych informacji, zach\u0119camy do kontaktu poprzez formularz dost\u0119pny poni\u017cej. Nasi do\u015bwiadczeni pracownicy s\u0105 do Pa\u0144stwa dyspozycji i z ch\u0119ci\u0105 przygotuj\u0105 ofert\u0119 dostosowan\u0105 do Pa\u0144stwa potrzeb.","og_url":"https:\/\/lentbau.pl\/?page_id=67","og_site_name":"LENTBAU","article_modified_time":"2024-11-25T17:22:57+00:00","twitter_card":"summary_large_image","schema":{"@context":"https:\/\/schema.org","@graph":[{"@type":"WebPage","@id":"https:\/\/lentbau.pl\/?page_id=67","url":"https:\/\/lentbau.pl\/?page_id=67","name":"Kontakt - LENTBAU","isPartOf":{"@id":"https:\/\/lentbau.pl\/#website"},"primaryImageOfPage":{"@id":"https:\/\/lentbau.pl\/?page_id=67#primaryimage"},"image":{"@id":"https:\/\/lentbau.pl\/?page_id=67#primaryimage"},"thumbnailUrl":"https:\/\/lentbau.pl\/wp-content\/uploads\/2024\/11\/LentBau-e1731758095869-1024x157.png","datePublished":"2024-08-10T09:14:47+00:00","dateModified":"2024-11-25T17:22:57+00:00","breadcrumb":{"@id":"https:\/\/lentbau.pl\/?page_id=67#breadcrumb"},"inLanguage":"pl-PL","potentialAction":[{"@type":"ReadAction","target":["https:\/\/lentbau.pl\/?page_id=67"]}]},{"@type":"ImageObject","inLanguage":"pl-PL","@id":"https:\/\/lentbau.pl\/?page_id=67#primaryimage","url":"https:\/\/lentbau.pl\/wp-content\/uploads\/2024\/11\/LentBau-e1731758095869.png","contentUrl":"https:\/\/lentbau.pl\/wp-content\/uploads\/2024\/11\/LentBau-e1731758095869.png","width":1920,"height":294},{"@type":"BreadcrumbList","@id":"https:\/\/lentbau.pl\/?page_id=67#breadcrumb","itemListElement":[{"@type":"ListItem","position":1,"name":"Home","item":"https:\/\/lentbau.pl\/"},{"@type":"ListItem","position":2,"name":"Kontakt"}]},{"@type":"WebSite","@id":"https:\/\/lentbau.pl\/#website","url":"https:\/\/lentbau.pl\/","name":"LENTBAU","description":"Skutecznie w 24h","publisher":{"@id":"https:\/\/lentbau.pl\/#organization"},"potentialAction":[{"@type":"SearchAction","target":{"@type":"EntryPoint","urlTemplate":"https:\/\/lentbau.pl\/?s={search_term_string}"},"query-input":{"@type":"PropertyValueSpecification","valueRequired":true,"valueName":"search_term_string"}}],"inLanguage":"pl-PL"},{"@type":"Organization","@id":"https:\/\/lentbau.pl\/#organization","name":"LENTBAU","url":"https:\/\/lentbau.pl\/","logo":{"@type":"ImageObject","inLanguage":"pl-PL","@id":"https:\/\/lentbau.pl\/#\/schema\/logo\/image\/","url":"https:\/\/lentbau.pl\/wp-content\/uploads\/2024\/08\/LENTBAU.PL_.png","contentUrl":"https:\/\/lentbau.pl\/wp-content\/uploads\/2024\/08\/LENTBAU.PL_.png","width":1920,"height":1080,"caption":"LENTBAU"},"image":{"@id":"https:\/\/lentbau.pl\/#\/schema\/logo\/image\/"}}]}},"uagb_featured_image_src":{"full":false,"thumbnail":false,"medium":false,"medium_large":false,"large":false,"1536x1536":false,"2048x2048":false,"ocean-thumb-m":false,"ocean-thumb-ml":false,"ocean-thumb-l":false},"uagb_author_info":{"display_name":"lentbau-admin","author_link":"https:\/\/lentbau.pl\/?author=1"},"uagb_comment_info":0,"uagb_excerpt":"Je\u017celi zainteresowa\u0142a Ci\u0119 nasza oferta to zapraszamy do skorzystania z naszych us\u0142ug. Je\u015bli maj\u0105 Pa\u0144stwo pytania lub potrzebuj\u0105 dodatkowych informacji, zach\u0119camy do kontaktu poprzez formularz dost\u0119pny poni\u017cej. Nasi do\u015bwiadczeni pracownicy s\u0105 do Pa\u0144stwa dyspozycji i z ch\u0119ci\u0105 przygotuj\u0105 ofert\u0119 dostosowan\u0105 do Pa\u0144stwa potrzeb.","_links":{"self":[{"href":"https:\/\/lentbau.pl\/index.php?rest_route=\/wp\/v2\/pages\/67","targetHints":{"allow":["GET"]}}],"collection":[{"href":"https:\/\/lentbau.pl\/index.php?rest_route=\/wp\/v2\/pages"}],"about":[{"href":"https:\/\/lentbau.pl\/index.php?rest_route=\/wp\/v2\/types\/page"}],"author":[{"embeddable":true,"href":"https:\/\/lentbau.pl\/index.php?rest_route=\/wp\/v2\/users\/1"}],"replies":[{"embeddable":true,"href":"https:\/\/lentbau.pl\/index.php?rest_route=%2Fwp%2Fv2%2Fcomments&post=67"}],"version-history":[{"count":8,"href":"https:\/\/lentbau.pl\/index.php?rest_route=\/wp\/v2\/pages\/67\/revisions"}],"predecessor-version":[{"id":191,"href":"https:\/\/lentbau.pl\/index.php?rest_route=\/wp\/v2\/pages\/67\/revisions\/191"}],"wp:attachment":[{"href":"https:\/\/lentbau.pl\/index.php?rest_route=%2Fwp%2Fv2%2Fmedia&parent=67"}],"curies":[{"name":"wp","href":"https:\/\/api.w.org\/{rel}","templated":true}]}}